2791830219 prime?
False
Is 276038059 a composite number?
True
Is 1331682043 composite?
True
Is 410751151 composite?
False
Is 381158171 a composite number?
False
Is 4200141731 prime?
True
Is 1586190859 prime?
False
Is 205158570971 a prime number?
True
Is 1611529687 a prime number?
False
Is 16714731083 a prime number?
True
Is 19363671451 a composite number?
False
Is 13600453429 composite?
False
Is 83039899391 a composite number?
False
Is 2362049299 a composite number?
True
Is 22285715183 composite?
False
Is 11524484833 prime?
False
Is 5972589267 a prime number?
False
Is 476238751 a prime number?
False
Is 177011305 a prime number?
False
Is 242774089 a composite number?
True
Is 74077953 a prime number?
False
Is 130383254567 composite?
True
Is 15830588377 prime?
False
Is 57802543 prime?
False
Is 6949756031 prime?
False
Is 19147064437 a prime number?
True
Is 1814951 prime?
True
Is 386852281 a composite number?
True
Is 2280558599 a prime number?
False
Is 22277579573 composite?
True
Is 10159620574 composite?
True
Is 1020997273 composite?
False
Is 2391810599 a composite number?
False
Is 3708684571 a prime number?
False
Is 268716467 prime?
False
Is 5082664739 a composite number?
False
Is 623444303 composite?
True
Is 1368070849 prime?
True
Is 436245071 composite?
True
Is 2809735405 prime?
False
Is 2980965707 composite?
True
Is 30345552605 a composite number?
True
Is 579895163 prime?
True
Is 107589046783 a composite number?
False
Is 102271537453 prime?
True
Is 4410739153 a composite number?
False
Is 887416799 composite?
True
Is 20427564583 a composite number?
True
Is 11001309257 a prime number?
True
Is 765881687 a composite number?
True
Is 475682255 composite?
True
Is 7629153071 prime?
True
Is 6959881 composite?
False
Is 4448999623 a composite number?
False
Is 1112637887 prime?
False
Is 3459059689 a composite number?
False
Is 8323928419 prime?
True
Is 302950403 a composite number?
True
Is 1375984109 prime?
True
Is 15751526683 a composite number?
False
Is 1946387841 prime?
False
Is 24372133297 composite?
False
Is 14958209437 composite?
False
Is 14147147121 prime?
False
Is 352205611 composite?
False
Is 50711335 composite?
True
Is 1463151137 a composite number?
True
Is 31729447 prime?
True
Is 33166492279 a prime number?
True
Is 13826879513 composite?
False
Is 32264056213 a prime number?
True
Is 12006377791 a composite number?
True
Is 1012460957 composite?
False
Is 13064013917 a prime number?
True
Is 460580891 a composite number?
True
Is 189199937 a composite number?
False
Is 218442479 a prime number?
True
Is 1349882593 composite?
True
Is 2714976541 a prime number?
True
Is 3393175259 prime?
True
Is 86882186507 prime?
True
Is 371235523 composite?
True
Is 4872737213 prime?
False
Is 10258277077 a prime number?
False
Is 2560718707 prime?
False
Is 3715626133 composite?
False
Is 187209803 composite?
True
Is 2256877037 composite?
True
Is 5545683389 composite?
False
Is 1891657121 a prime number?
True
Is 4118543491 a prime number?
True
Is 133898041 prime?
False
Is 30693871463 a composite number?
False
Is 1118979574 a composite number?
True
Is 3790611661 a prime number?
True
Is 3118229 composite?
False
Is 12952237453 a composite number?
False
Is 1755959017 a prime number?
False
Is 2585845949 composite?
False
Is 1661157034 a prime number?
False
Is 589400519 composite?
True
Is 63546768067 composite?
True
Is 113999079 a composite number?
True
Is 49040939903 a composite number?
False
Is 238334191 a prime number?
True
Is 423743143 prime?
True
Is 1079402677 composite?
True
Is 1616175823 a composite number?
True
Is 1624369129 a composite number?
False
Is 40956659593 composite?
True
Is 71105608499 a prime number?
True
Is 41509913 composite?
False
Is 177525337 composite?
True
Is 44688431597 composite?
False
Is 1073234749 a composite number?
False
Is 375978805 a prime number?
False
Is 1691960341 a composite number?
False
Is 5560769471 a prime number?
False
Is 4973949017 composite?
True
Is 28305085337 prime?
True
Is 7566268277 a prime number?
True
Is 23242619 a prime number?
True
Is 4235244997 a composite number?
True
Is 429355769 a prime number?
False
Is 4330726233 prime?
False
Is 105599071 a prime number?
False
Is 698944901 a composite number?
False
Is 16737184381 a composite number?
True
Is 1641022751 composite?
False
Is 1981241117 prime?
True
Is 36640452673 a prime number?
False
Is 3185178397 composite?
False
Is 11744325161 a prime number?
True
Is 1324336183 a prime number?
True
Is 5629096717 a prime number?
True
Is 956136539 prime?
False
Is 33876914497 a prime number?
True
Is 18041088327 a composite number?
True
Is 107283449303 prime?
True
Is 188748080959 a prime number?
True
Is 2670939503 composite?
True
Is 643727267 prime?
True
Is 1111794157 a composite number?
False
Is 566447069 composite?
False
Is 573334907 composite?
False
Is 16647009193 a composite number?
True
Is 6794427461 a composite number?
False
Is 978450713 a prime number?
False
Is 7083588619 a prime number?
True
Is 714633509 a prime number?
True
Is 825748849 composite?
True
Is 269623956199 prime?
False
Is 33037317851 a composite number?
False
Is 27702350791 composite?
False
Is 2265111913 prime?
True
Is 2101176151 a composite number?
False
Is 62048963773 a composite number?
False
Is 5238343919 a composite number?
True
Is 713057203 a composite number?
True
Is 57234823 a composite number?
False
Is 405323989 a prime number?
False
Is 1684975861 composite?
False
Is 80114449 a composite number?
True
Is 83730653 a composite number?
False
Is 23239613 composite?
False
Is 8343825911 composite?
False
Is 2617291799 a composite number?
False
Is 20317735583 prime?
True
Is 57917600761 a prime number?
False
Is 388160569 a composite number?
True
Is 1132006481 a prime number?
True
Is 15048969701 a composite number?
True
Is 81420062761 prime?
True
Is 8164321741 a prime number?
True
Is 41806905779 composite?
True
Is 5969062699 prime?
False
Is 429680677 composite?
True
Is 15661138351 a prime number?
False
Is 142327564031 composite?
False
Is 112486421 composite?
True
Is 11685303173 a prime number?
True
Is 4074401569 a prime number?
False
Is 3837493267 prime?
True
Is 1151822303 prime?
True
Is 644274797 prime?
True
Is 2839787737 prime?
True
Is 2527273963 prime?
True
Is 2421354697 composite?
False
Is 114653881351 prime?
True
Is 1059696269 a composite number?
False
Is 31993332439 prime?
True
Is 3827611691 composite?
True
Is 9334137331 a composite number?
False
Is 4445350661 a composite number?
True
Is 668554413 composite?
True
Is 25385871421 a prime number?
False
Is 8036391553 a prime number?
False
Is 5698709603 a composite number?
True
Is 596659526 a composite number?
True
Is 3211100561 prime?
False
Is 247308119 composite?
False
Is 43045902533 composite?
True
Is 55846249429 a composite number?
False
Is 14701885529 composite?
False
Is 14451351749 composite?
True
Is 6059899757 a prime number?
True
Is 88877566727 composite?
True
Is 1633160489 prime?
True
Is 3539538727 prime?
True
Is 1291902517 prime?
False
Is 13826157251 composite?
True
Is 475392367 a prime number?
True
Is 1290468533 a composite number?
True
Is 2541377659 a composite number?
False
Is 73524794413 composite?
True
Is 5357116577 a composite number?
False
Is 129042499 composite?
True
Is 16956329053 composite?
False
Is 3189694519 a prime number?
False
Is 41816840507 composite?
True
Is 281676719 a composite number?
False
Is 20932808233 prime?
True
Is 1445800163 a composite number?
False
Is 1461932471 a composite number?
False
Is 1931743763 a prime number?
False
Is 3219150503 a prime number?
True
Is 2640180469 prime?
True
Is 25611851059 a prime number?
False
Is 11021404111 composite?
False
Is 1461930089 a prime number?
True
Is 139575307 a prime number?
False
Is 31781602729 composite?
False
Is 1008152641 prime?
True
Is 6356546837 a prime number?
True
Is 1131166329 composite?
True
Is 43339553899 a prime number?
False
Is 2752583887 prime?
True
Is 71577147 prime?
False
Is 6908211769 a composite number?
False
Is 48841287587 prime?
False
Is 3719457071 a composite number?
True
Is 277197353 a prime number?
False
Is 6233160043 a prime number?
False
Is 1332737755 composite?
True
Is 21522841 composite?
True
Is 129570223169 a composite number?
False
Is 37153505789 composite?
False
Is 4964